 digit of d/((-3)/2 + 3)?
2
Suppose -w + 466 = -162. What is the hundreds digit of w?
6
Suppose -14*x + 73*x - 67791 = 0. What is the units digit of x?
9
What is the hundreds digit of (-2)/(2/13)*-22?
2
Let g be 3 - (3 + (-75 - -1)). Suppose 0 = c - g - 92. Suppose -3*a + l + c = 0, 2*a + 40 = -3*l + 158. What is the tens digit of a?
5
Suppose -h - 1 - 4 = -2*f, 0 = 2*h + 2*f + 34. Let k = h + 40. What is the units digit of k?
7
Let l(g) = g**2 + g - 4. Let f be l(-3). Let p(x) be the third derivative of x**6/120 - x**5/30 + x**4/24 - 6*x**2. What is the units digit of p(f)?
2
Suppose -3*w + y - 7 = 79, -2*w = -5*y + 53. Let p = w - -34. What is the units digit of p?
5
Let q = 627 + -285. What is the hundreds digit of q?
3
Let u(l) = l**3 + 12*l**2 + 2*l + 1. Let j be u(-5). Suppose -4*w = -j + 6. What is the units digit of w?
0
Let b(x) = -14 - 13*x + 5 + 4 + 8 - x**3 - 14*x**2. Let h be b(-13). Suppose h*k + 9 = 57. What is the tens digit of k?
1
Let b(h) = -h - 3. Let c be b(-3). Suppose c = -17*s + 277 - 39. What is the units digit of s?
4
Let w be 4*1 - (11 - 9). Let g = w + 7. Let t = 18 - g. What is the units digit of t?
9
Suppose -n - n = 0. Let c be (n + 2)/((-8)/(-24)). Suppose -2*g + c + 10 = 0. What is the units digit of g?
8
Let v(r) = 16*r - 23. Let y be v(9). Let j = y + -72. What is the tens digit of j?
4
Let b(r) = -r + 11. Let h be b(11). Suppose h = -6*w + 168 + 786. What is the tens digit of w?
5
Suppose 2*c + z - 5 = 17, -58 = -4*c + 5*z. Suppose -2*f - 2*u = 2 - c, 3*f = 5*u - 25. What is the tens digit of (-24)/((2 - f)/(-2))?
2
Suppose -2*w = 2*w + 8. What is the units digit of 456/9 + w/3?
0
Let c(l) = -2*l + 22. Let y be c(9). Let k(w) = 6*w**2 - 3*w - 4. Let h be k(y). Let q = -27 + h. What is the units digit of q?
3
Suppose -3*d + 771 + 67 = 4*k, 0 = k - 4*d - 219. What is the hundreds digit of k?
2
Suppose 0*x + 35 = 7*x. Suppose 4*q - x*s - 36 = 0, -q + 9 = -2*s + 4*s. What is the units digit of q?
9
What is the units digit of (-2966565)/(-1365) + (-4)/13?
3
Let u = 5 + -5. Suppose 0 = 4*g, 0 = -2*a - u*a - 5*g. Suppose a = -j - j + 48. What is the units digit of j?
4
Suppose 0 = -3*q + 4*k + 1010, 5*q - 992 = 2*q - 5*k. Suppose 84 = n - 3*b - 97, 0 = -2*n - b + q. What is the tens digit of n?
6
Suppose -2*v = 2*v. Suppose -3*h + 9 = -v*h. Suppose -h*f - 2*b = -20, -25 = -5*f + 4*b + 23. What is the units digit of f?
8
Let s(o) = 54*o - 27. What is the tens digit of s(6)?
9
Let g(p) = 2*p**3 + 7*p**2 - 3*p - 7. Let v be g(6). Let j = 413 - v. What is the tens digit of ((-2)/(-4))/((-3)/j)?
4
Suppose -3*o + 5291 = -o + r, -2*o + 3*r = -5287. Let i = -266 + 283. What is the tens digit of (-2)/i + o/85?
3
Suppose 36 = -12*h + 21*h. Let l(m) = m**3 + 5*m**2 - 14*m + 4. What is the units digit of l(h)?
2
Let t(p) = 4*p**3 - 3*p**2 + p + 5. What is the units digit of t(5)?
5
Let b(t) = -t**2 - 5. Let h(g) = g**3 - 3*g**2 + 3*g - 1. Let v be h(2). Let l(n) = -n**2 - n. Let f(c) = v*b(c) - 2*l(c). What is the units digit of f(-4)?
3
What is the hundreds digit of (9/3)/(-6 - 30186/(-5030))?
5
Let k = 590 - -99. What is the units digit of k?
9
Suppose -3*h + 7 = 5*u, -3*h - 2*u + 1 = -0*h. Let f(x) = -37*x**3 - 1. Let d be f(h). Suppose -4*y + d = -y. What is the units digit of y?
2
Let q(n) be the first derivative of n**4/4 + 7*n**3/3 - 9*n**2/2 - 9*n - 4. Let o be q(-8). Let l = o - -33. What is the tens digit of l?
3
Let m(l) = -2*l**3. Let u be m(1). Let g(f) = -2*f**3 + f. What is the units digit of g(u)?
4
Let z(k) = -541*k - 35. What is the tens digit of z(-1)?
0
Suppose -5*t = i - 198, -3*t + 18 = 9. What is the hundreds digit of i?
1
Suppose -5*w - 2*u = -119 + 565, 0 = -u - 3. Let k = w - -195. What is the hundreds digit of k?
1
Let z = 499 + -350. What is the units digit of z?
9
Let i = -6 - -10. Suppose 2*t + i*k + 1 = -t, -5*t = -k - 6. What is the units digit of 30 - (-3)/t*-1?
7
Suppose 11*i - 686 = -26. What is the units digit of i?
0
Suppose -4*s + 17*s = 65. Suppose -807 - 105 = -3*y. Suppose s*i = 6 + y. What is the tens digit of i?
6
Let c = 3425 - 1975. What is the thousands digit of c?
1
Let o = 20 + -12. Let a(s) = -s**2 - 10*s - 2. Let l be a(-5). Let d = l - o. What is the units digit of d?
5
Let s(t) = -10*t**2 + 5*t - 4. Let m be (-39)/(-26) - (-1)/2. Let r be s(m). Let u = 63 + r. What is the tens digit of u?
2
Let o be (-5)/(10/38) - -3. Let w = o + 38. Let t = w + -1. What is the tens digit of t?
2
Suppose -187 = 7*q - 1664. Suppose 9*m - q = 365. What is the units digit of m?
4
Let l(a) = a. Let n(u) = 16*u - 6. Let b(o) = 6*l(o) - n(o). Let z(f) = -f**2 + 31*f - 33. Let g be z(30). What is the units digit of b(g)?
6
Suppose -n + 3*i + 790 = 0, -7*i + 5*i - 2391 = -3*n. What is the units digit of n?
9
Suppose 0 = -2*a + 4*n + 56, -5*n = -3*a + 35 + 45. What is the units digit of 3532/a - ((-4)/10)/1?
7
Let b = -219 + 779. What is the tens digit of b?
6
Let t = 1 + 2. Let r be -5 + 6/t + 1. Let z = r - -3. What is the units digit of z?
1
Let j be (-2*1)/(-2) + (-39311)/(-19). Suppose -15*y = 3*y - j. What is the tens digit of y?
1
Let g be (-2 + 11)/(5 + -6). What is the units digit of 546/10 - g/(-15)?
4
Suppose -3*v = -3*y + 33, -5*v + 2*y - 19 - 24 = 0. Let w = -7 - v. Suppose w = 2*m - 3*m + 8. What is the units digit of m?
8
Let u = -14 + 12. Let c be (-1 + -2)*(-2)/u. What is the units digit of (-25)/15*1*c?
5
What is the hundreds digit of ((-40)/(-60))/((-4)/6) - -209?
2
Let d(i) = i**3 + 3*i**2 + 4*i + 4. Let a be d(-3). Let s be (-4)/a*(15 + 3). What is the units digit of 285/s - (-2)/(-3)?
1
Let v = 17 + -15. Suppose 0 = v*g - 0 - 8. Suppose t = -5*y + 26 + 71, -2*y + 52 = -g*t. What is the units digit of y?
0
Suppose 0 = -6*s + 11*s - 25. Suppose 5*r + 10 = 0, 4*l + s*r + 12 = 5*l. Suppose 0 = -5*n + l*k + 168, -n + 2*k + 36 = k. What is the tens digit of n?
3
Suppose 8*i = 16 + 48. Suppose -4*w = -284 + i. What is the units digit of w?
9
Let k(p) = 3*p - 12. Let b be k(7). Let v = b + 11. What is the tens digit of 399/15 - (-8)/v?
2
Suppose 70*s + 30200 = 398610. What is the tens digit of s?
6
Suppose -6651 = 31*y - 40*y. What is the tens digit of y?
3
Let i = 15 + 22. Suppose 0 = -f - 5, -2*n + n = 4*f - i. What is the tens digit of n?
5
Let t be 16/4 + -2 + -1. What is the tens digit of (-1 + 36 + t)/2?
1
Suppose y + q + 3*q = 0, 0 = -2*y + q + 27. Suppose 5*v - 3*v = y. Suppose -v*k + 4*k = -78. What is the units digit of k?
9
Suppose -24*b + 18*b + 21432 = 0. What is the units digit of b?
2
Let v(g) = -g**2 + 45*g + 28. What is the tens digit of v(17)?
0
Suppose -65*l + 64*l + 2432 = 0. What is the tens digit of l?
3
Let y be 32/6 + -1 - (-2)/3. Suppose 0 = 3*u + 2*k - 337, -y*u = -0*k - 3*k - 530. What is the tens digit of u?
0
Suppose 6 + 2 = 5*k + 4*c, 4 = -4*k + 2*c. What is the units digit of -309*(5/(-15) - k/1)?
3
Let x(j) = j**2 + 22*j + 40. Let k be x(-28). What is the units digit of 0 + 1 + k + 1?
0
What is the tens digit of 942/((-498)/(-60) - 8)?
4
Let k be (-1 - -9)*(-2)/4. Let t(m) = 12*m + 6. Let c be t(k). Let z = -26 - c. What is the tens digit of z?
1
What is the tens digit of -30 + 24 - (-618)/2?
0
Let f be -6 + 4 - (-6)/3. Suppose -2*l = -k - 20, 3*k + f*k - 5*l + 65 = 0. Let j = k + 61. What is the tens digit of j?
3
Suppose 7*h - 96 = 5*j + 3*h, -h + 4 = 0. Let c(z) = -2*z**2 + z + 9. Let n be c(3). Let p = n - j. What is the units digit of p?
0
Suppose 0 = -59*j + 55*j + 728. Let q(u) = 2*u**2 - 3*u. Let k be q(-7). Let b = j - k. What is the tens digit of b?
6
Suppose 3*k = 2*j - 697 - 1286, 25 = -5*k. What is the units digit of j?
4
Let n(y) = 3*y + 212. What is the units digit of n(18)?
6
Suppose -16 = 4*p, -5*p + 3 - 13 = 5*k. Suppose -k*g - 1 = -7. Suppose 4*w - 17 = -g*q, 5*q + 4*w + 0*w - 31 = 0. What is the units digit of q?
7
Let b(p) = -p + 1. Let z(m) = -13*m - 6. Let s(q) = -4*b(q) + z(q). What is the tens digit of s(-9)?
7
Let x(f) = f + 1. Let y be x(-1). Suppose -2*u + u = -3*q + 56, 4*q + 3*u - 53 = y. What is the tens digit of q?
1
Let m(v) be the second derivative of -v**3/6 - 13*v**2/2 + 4*v. Let t be m(-12). What is the units digit of (38/t)/(0 + -1)?
8
Let n(a) = -a**3 - 14*a**2 - 12*a + 15. Let b be n(-13). Suppose 3*o = k + 4*o 